{"id":2,"date":"2008-12-15T19:12:58","date_gmt":"2008-12-15T18:12:58","guid":{"rendered":"http:\/\/90plan.ovh.net\/~matemons\/?page_id=2"},"modified":"2009-10-25T12:46:44","modified_gmt":"2009-10-25T10:46:44","slug":"a-propos","status":"publish","type":"page","link":"https:\/\/www.matemonsac.com\/le-mag\/a-propos\/","title":{"rendered":"\u00c0 propos de moi"},"content":{"rendered":"<p><a rel=\"attachment wp-att-5268\" href=\"https:\/\/www.matemonsac.com\/le-mag\/a-propos\/evian\/\"><img decoding=\"async\" loading=\"lazy\" class=\"aligncenter size-medium wp-image-5268\" title=\"evian\" src=\"https:\/\/www.matemonsac.com\/le-mag\/wp-content\/uploads\/2008\/12\/evian-300x197.jpg\" alt=\"evian\" width=\"300\" height=\"197\" \/><\/a><\/p>\n<p>Qui suis-je ?<\/p>\n<p>Une parisienne de 35 ans passionn\u00e9e de mode depuis toujours.<\/p>\n<p>J&rsquo;ai orient\u00e9 mes \u00e9tudes dans ce sens en me sp\u00e9cialisant dans le domaine de la mode et du textile en suivant le 3\u00e8me cycle de l&rsquo;Ifm.  J&rsquo;ai donc pu assouvir ma passion en \u00e9tant baign\u00e9e dans le milieu du luxe et des accessoires depuis 12 ans.<\/p>\n<p>Aujourd&rsquo;hui j&rsquo;ai envie de partager avec vous mes envies, mes coups de coeur et mes r\u00e9flexions dans ce domaine.<\/p>\n<p>Tr\u00e8s enthousiaste et heureuse de faire partie du monde des blogueuses depuis peu, j&rsquo;esp\u00e8re \u00e9changer avec vous prochainement, lire vos commentaires et m&rsquo;enrichir \u00e0 votre contact.<\/p>\n<p>Vous pouvez me contacter \u00e0 l&rsquo;adresse suivante : maud@matemonsac.localhost.com<\/p>\n<p>A tr\u00e8s bient\u00f4t.<\/p>\n<p>Maud<\/p>\n<div class=\"twttr_buttons\"><div class=\"twttr_twitter\">\n\t\t\t\t\t<a href=\"http:\/\/twitter.com\/share?text=%C3%80+propos+de+moi\" class=\"twitter-share-button\" data-via=\"\" data-hashtags=\"\"  data-size=\"default\" data-url=\"https:\/\/www.matemonsac.com\/le-mag\/a-propos\/\"  data-related=\"\" target=\"_blank\">Tweet<\/a>\n\t\t\t\t<\/div><\/div>","protected":false},"excerpt":{"rendered":"<p>Qui suis-je ? Une parisienne de 35 ans passionn\u00e9e de mode depuis toujours. J&rsquo;ai orient\u00e9 mes \u00e9tudes dans ce sens en me sp\u00e9cialisant dans le domaine de la mode et du textile en suivant le 3\u00e8me cycle de l&rsquo;Ifm. J&rsquo;ai donc pu assouvir ma passion en \u00e9tant baign\u00e9e dans le milieu du luxe et des [&hellip;]<\/p>\n","protected":false},"author":1,"featured_media":0,"parent":0,"menu_order":0,"comment_status":"closed","ping_status":"open","template":"","meta":{"_mi_skip_tracking":false},"_links":{"self":[{"href":"https:\/\/www.matemonsac.com\/le-mag\/wp-json\/wp\/v2\/pages\/2"}],"collection":[{"href":"https:\/\/www.matemonsac.com\/le-mag\/wp-json\/wp\/v2\/pages"}],"about":[{"href":"https:\/\/www.matemonsac.com\/le-mag\/wp-json\/wp\/v2\/types\/page"}],"author":[{"embeddable":true,"href":"https:\/\/www.matemonsac.com\/le-mag\/wp-json\/wp\/v2\/users\/1"}],"replies":[{"embeddable":true,"href":"https:\/\/www.matemonsac.com\/le-mag\/wp-json\/wp\/v2\/comments?post=2"}],"version-history":[{"count":0,"href":"https:\/\/www.matemonsac.com\/le-mag\/wp-json\/wp\/v2\/pages\/2\/revisions"}],"wp:attachment":[{"href":"https:\/\/www.matemonsac.com\/le-mag\/wp-json\/wp\/v2\/media?parent=2"}],"curies":[{"name":"wp","href":"https:\/\/api.w.org\/{rel}","templated":true}]}}

À propos de moi

<p><a rel="attachment wp-att-5268" href="https://www.matemonsac.com/le-mag/a-propos/evian/"><img decoding="async" loading="lazy" class="aligncenter size-medium wp-image-5268" title="evian" src="https://www.matemonsac.com/le-mag/wp-content/uploads/2008/12/evian-300x197.jpg" alt="evian" width="300" height="197" /></a></p>
<p>Qui suis-je ?</p>
<p>Une parisienne de 35 ans passionnée de mode depuis toujours.</p>
<p>J&rsquo;ai orienté mes études dans ce sens en me spécialisant dans le domaine de la mode et du textile en suivant le 3ème cycle de l&rsquo;Ifm.  J&rsquo;ai donc pu assouvir ma passion en étant baignée dans le milieu du luxe et des accessoires depuis 12 ans.</p>
<p>Aujourd&rsquo;hui j&rsquo;ai envie de partager avec vous mes envies, mes coups de coeur et mes réflexions dans ce domaine.</p>
<p>Très enthousiaste et heureuse de faire partie du monde des blogueuses depuis peu, j&rsquo;espère échanger avec vous prochainement, lire vos commentaires et m&rsquo;enrichir à votre contact.</p>
<p>Vous pouvez me contacter à l&rsquo;adresse suivante : maud@matemonsac.localhost.com</p>
<p>A très bientôt.</p>
<p>Maud</p>
<div class="twttr_buttons"><div class="twttr_twitter">
					<a href="http://twitter.com/share?text=%C3%80+propos+de+moi" class="twitter-share-button" data-via="" data-hashtags=""  data-size="default" data-url="https://www.matemonsac.com/le-mag/a-propos/"  data-related="" target="_blank">Tweet</a>
				</div></div>

<p>Qui suis-je ? Une parisienne de 35 ans passionnée de mode depuis toujours. J&rsquo;ai orienté mes études dans ce sens en me spécialisant dans le domaine de la mode et du textile en suivant le 3ème cycle de l&rsquo;Ifm. J&rsquo;ai donc pu assouvir ma passion en étant baignée dans le milieu du luxe et des [&hellip;]</p>
